[INFO] cloning repository https://github.com/minatofund/enigma-contract-getandsettime
[INFO] running `Command { std: "git" "-c" "credential.helper=" "-c" "credential.helper=/workspace/cargo-home/bin/git-credential-null" "clone" "--bare" "https://github.com/minatofund/enigma-contract-getandsettime" "/workspace/cache/git-repos/https%3A%2F%2Fgithub.com%2Fminatofund%2Fenigma-contract-getandsettime", kill_on_drop: false }`
[INFO] [stderr] Cloning into bare repository '/workspace/cache/git-repos/https%3A%2F%2Fgithub.com%2Fminatofund%2Fenigma-contract-getandsettime'...
[INFO] running `Command { std: "git" "rev-parse" "HEAD", kill_on_drop: false }`
[INFO] [stdout] 2479b67922e382d810f2f1dc3322299b10e5a94b
[INFO] building minatofund/enigma-contract-getandsettime against master#ff34b919075f35a1787659e9c448a34b06bab8de for issue-85264
[INFO] running `Command { std: "git" "clone" "/workspace/cache/git-repos/https%3A%2F%2Fgithub.com%2Fminatofund%2Fenigma-contract-getandsettime" "/workspace/builds/worker-12/source", kill_on_drop: false }`
[INFO] [stderr] Cloning into '/workspace/builds/worker-12/source'...
[INFO] [stderr] done.
[INFO] validating manifest of git repo https://github.com/minatofund/enigma-contract-getandsettime on toolchain ff34b919075f35a1787659e9c448a34b06bab8de
[INFO] running `Command { std: "/workspace/cargo-home/bin/cargo" "+ff34b919075f35a1787659e9c448a34b06bab8de" "metadata" "--manifest-path" "Cargo.toml" "--no-deps", kill_on_drop: false }`
[INFO] removed /workspace/builds/worker-12/source/.cargo/config
[INFO] started tweaking git repo https://github.com/minatofund/enigma-contract-getandsettime
[INFO] finished tweaking git repo https://github.com/minatofund/enigma-contract-getandsettime
[INFO] tweaked toml for git repo https://github.com/minatofund/enigma-contract-getandsettime written to /workspace/builds/worker-12/source/Cargo.toml
[INFO] crate git repo https://github.com/minatofund/enigma-contract-getandsettime already has a lockfile, it will not be regenerated
[INFO] running `Command { std: "/workspace/cargo-home/bin/cargo" "+ff34b919075f35a1787659e9c448a34b06bab8de" "fetch" "--manifest-path" "Cargo.toml", kill_on_drop: false }`
[INFO] running `Command { std: "docker" "create" "-v" "/var/lib/crater-agent-workspace/builds/worker-12/target:/opt/rustwide/target:rw,Z" "-v" "/var/lib/crater-agent-workspace/builds/worker-12/source:/opt/rustwide/workdir:ro,Z" "-v" "/var/lib/crater-agent-workspace/cargo-home:/opt/rustwide/cargo-home:ro,Z" "-v" "/var/lib/crater-agent-workspace/rustup-home:/opt/rustwide/rustup-home:ro,Z" "-e" "SOURCE_DIR=/opt/rustwide/workdir" "-e" "CARGO_TARGET_DIR=/opt/rustwide/target" "-e" "CARGO_HOME=/opt/rustwide/cargo-home" "-e" "RUSTUP_HOME=/opt/rustwide/rustup-home" "-w" "/opt/rustwide/workdir" "-m" "1610612736" "--user" "0:0" "--network" "none" "ghcr.io/rust-lang/crates-build-env/linux@sha256:20528e8c29e4536546f0102ce88568b16ea7538393a33fcca951030f7af10457" "/opt/rustwide/cargo-home/bin/cargo" "+ff34b919075f35a1787659e9c448a34b06bab8de" "metadata" "--no-deps" "--format-version=1", kill_on_drop: false }`
[INFO] [stderr] WARNING: Your kernel does not support swap limit capabilities or the cgroup is not mounted. Memory limited without swap.
[INFO] [stdout] b49ec89093e39e6ef419a02b8565cfd9085fbf6467d727d9822327065107612a
[INFO] running `Command { std: "docker" "start" "-a" "b49ec89093e39e6ef419a02b8565cfd9085fbf6467d727d9822327065107612a", kill_on_drop: false }`
[INFO] running `Command { std: "docker" "inspect" "b49ec89093e39e6ef419a02b8565cfd9085fbf6467d727d9822327065107612a", kill_on_drop: false }`
[INFO] running `Command { std: "docker" "rm" "-f" "b49ec89093e39e6ef419a02b8565cfd9085fbf6467d727d9822327065107612a", kill_on_drop: false }`
[INFO] [stdout] b49ec89093e39e6ef419a02b8565cfd9085fbf6467d727d9822327065107612a
[INFO] running `Command { std: "docker" "create" "-v" "/var/lib/crater-agent-workspace/builds/worker-12/target:/opt/rustwide/target:rw,Z" "-v" "/var/lib/crater-agent-workspace/builds/worker-12/source:/opt/rustwide/workdir:ro,Z" "-v" "/var/lib/crater-agent-workspace/cargo-home:/opt/rustwide/cargo-home:ro,Z" "-v" "/var/lib/crater-agent-workspace/rustup-home:/opt/rustwide/rustup-home:ro,Z" "-e" "SOURCE_DIR=/opt/rustwide/workdir" "-e" "CARGO_TARGET_DIR=/opt/rustwide/target" "-e" "CARGO_INCREMENTAL=0" "-e" "RUST_BACKTRACE=full" "-e" "RUSTFLAGS=--cap-lints=forbid" "-e" "CARGO_HOME=/opt/rustwide/cargo-home" "-e" "RUSTUP_HOME=/opt/rustwide/rustup-home" "-w" "/opt/rustwide/workdir" "-m" "1610612736" "--user" "0:0" "--network" "none" "ghcr.io/rust-lang/crates-build-env/linux@sha256:20528e8c29e4536546f0102ce88568b16ea7538393a33fcca951030f7af10457" "/opt/rustwide/cargo-home/bin/cargo" "+ff34b919075f35a1787659e9c448a34b06bab8de" "build" "--frozen" "--message-format=json", kill_on_drop: false }`
[INFO] [stdout] 958837d3764a7e3c0a4a11f0ca0a6ba014dd6cadb60dba6db26fa257041ee52d
[INFO] [stderr] WARNING: Your kernel does not support swap limit capabilities or the cgroup is not mounted. Memory limited without swap.
[INFO] running `Command { std: "docker" "start" "-a" "958837d3764a7e3c0a4a11f0ca0a6ba014dd6cadb60dba6db26fa257041ee52d", kill_on_drop: false }`
[INFO] [stderr]    Compiling proc-macro2 v1.0.19
[INFO] [stderr]    Compiling syn v1.0.39
[INFO] [stderr]    Compiling serde_derive v1.0.115
[INFO] [stderr]    Compiling serde v1.0.115
[INFO] [stderr]    Compiling serde_json v1.0.57
[INFO] [stderr]    Compiling itoa v0.4.6
[INFO] [stderr]    Compiling doc-comment v0.3.3
[INFO] [stderr]    Compiling schemars v0.7.6
[INFO] [stderr]    Compiling libc v0.2.76
[INFO] [stderr]    Compiling base64 v0.11.0
[INFO] [stderr]    Compiling num-traits v0.2.12
[INFO] [stderr]    Compiling num-integer v0.1.43
[INFO] [stderr]    Compiling quote v1.0.7
[INFO] [stderr]    Compiling time v0.1.43
[INFO] [stderr]    Compiling chrono v0.4.15
[INFO] [stderr]    Compiling serde_derive_internals v0.25.0
[INFO] [stderr]    Compiling schemars_derive v0.7.6
[INFO] [stderr]    Compiling snafu-derive v0.6.8
[INFO] [stderr]    Compiling snafu v0.6.8
[INFO] [stderr]    Compiling serde-json-wasm v0.2.1
[INFO] [stderr]    Compiling cosmwasm-std v0.9.0-alpha1 (https://github.com/enigmampc/SecretNetwork?tag=v0.7.0#b3c77fa8)
[INFO] [stderr]    Compiling cosmwasm-schema v0.10.0
[INFO] [stderr]    Compiling cosmwasm-storage v0.9.0-alpha1 (https://github.com/enigmampc/SecretNetwork?tag=v0.7.0#b3c77fa8)
[INFO] [stderr]    Compiling getandsettime v0.1.0 (/opt/rustwide/workdir)
[INFO] [stderr]     Finished dev [unoptimized + debuginfo] target(s) in 36.12s
[INFO] running `Command { std: "docker" "inspect" "958837d3764a7e3c0a4a11f0ca0a6ba014dd6cadb60dba6db26fa257041ee52d", kill_on_drop: false }`
[INFO] running `Command { std: "docker" "rm" "-f" "958837d3764a7e3c0a4a11f0ca0a6ba014dd6cadb60dba6db26fa257041ee52d", kill_on_drop: false }`
[INFO] [stdout] 958837d3764a7e3c0a4a11f0ca0a6ba014dd6cadb60dba6db26fa257041ee52d
[INFO] running `Command { std: "docker" "create" "-v" "/var/lib/crater-agent-workspace/builds/worker-12/target:/opt/rustwide/target:rw,Z" "-v" "/var/lib/crater-agent-workspace/builds/worker-12/source:/opt/rustwide/workdir:ro,Z" "-v" "/var/lib/crater-agent-workspace/cargo-home:/opt/rustwide/cargo-home:ro,Z" "-v" "/var/lib/crater-agent-workspace/rustup-home:/opt/rustwide/rustup-home:ro,Z" "-e" "SOURCE_DIR=/opt/rustwide/workdir" "-e" "CARGO_TARGET_DIR=/opt/rustwide/target" "-e" "CARGO_INCREMENTAL=0" "-e" "RUST_BACKTRACE=full" "-e" "RUSTFLAGS=--cap-lints=forbid" "-e" "CARGO_HOME=/opt/rustwide/cargo-home" "-e" "RUSTUP_HOME=/opt/rustwide/rustup-home" "-w" "/opt/rustwide/workdir" "-m" "1610612736" "--user" "0:0" "--network" "none" "ghcr.io/rust-lang/crates-build-env/linux@sha256:20528e8c29e4536546f0102ce88568b16ea7538393a33fcca951030f7af10457" "/opt/rustwide/cargo-home/bin/cargo" "+ff34b919075f35a1787659e9c448a34b06bab8de" "test" "--frozen" "--no-run" "--message-format=json", kill_on_drop: false }`
[INFO] [stdout] b9ded758d04f792ceb8446dbb4ce68d1ff509d613002a1f7106794f07bb7c427
[INFO] [stderr] WARNING: Your kernel does not support swap limit capabilities or the cgroup is not mounted. Memory limited without swap.
[INFO] running `Command { std: "docker" "start" "-a" "b9ded758d04f792ceb8446dbb4ce68d1ff509d613002a1f7106794f07bb7c427", kill_on_drop: false }`
[INFO] [stderr]    Compiling getandsettime v0.1.0 (/opt/rustwide/workdir)
[INFO] [stdout] error: couldn't read tests/../target/wasm32-unknown-unknown/release/getandsettime.wasm: No such file or directory (os error 2)
[INFO] [stdout]   --> tests/integration.rs:26:22
[INFO] [stdout]    |
[INFO] [stdout] 26 | static WASM: &[u8] = include_bytes!("../target/wasm32-unknown-unknown/release/getandsettime.wasm");
[INFO] [stdout]    |                      ^^^^^^^^^^^^^^^^^^^^^^^^^^^^^^^^^^^^^^^^^^^^^^^^^^^^^^^^^^^^^^^^^^^^^^^^^^^^^
[INFO] [stdout]    |
[INFO] [stdout]    = note: this error originates in a macro (in Nightly builds, run with -Z macro-backtrace for more info)
[INFO] [stdout] 
[INFO] [stdout] 
[INFO] [stdout] error[E0433]: failed to resolve: use of undeclared crate or module `cosmwasm_vm`
[INFO] [stdout]   --> tests/integration.rs:21:5
[INFO] [stdout]    |
[INFO] [stdout] 21 | use cosmwasm_vm::testing::{handle, init, mock_env, mock_instance, query};
[INFO] [stdout]    |     ^^^^^^^^^^^ use of undeclared crate or module `cosmwasm_vm`
[INFO] [stdout] 
[INFO] [stdout] 
[INFO] [stdout] error[E0432]: unresolved import `getandsettime::msg::CountResponse`
[INFO] [stdout]   --> tests/integration.rs:23:26
[INFO] [stdout]    |
[INFO] [stdout] 23 | use getandsettime::msg::{CountResponse, HandleMsg, InitMsg, QueryMsg};
[INFO] [stdout]    |                          ^^^^^^^^^^^^^ no `CountResponse` in `msg`
[INFO] [stdout] 
[INFO] [stdout] 
[INFO] [stdout] warning: unused import: `StdError`
[INFO] [stdout]   --> src/contract.rs:66:44
[INFO] [stdout]    |
[INFO] [stdout] 66 |     use cosmwasm_std::{coins, from_binary, StdError};
[INFO] [stdout]    |                                            ^^^^^^^^
[INFO] [stdout]    |
[INFO] [stdout]    = note: `#[warn(unused_imports)]` on by default
[INFO] [stdout] 
[INFO] [stdout] 
[INFO] [stdout] error[E0425]: cannot find function `mock_instance` in this scope
[INFO] [stdout]   --> tests/integration.rs:32:20
[INFO] [stdout]    |
[INFO] [stdout] 32 |     let mut deps = mock_instance(WASM, &[]);
[INFO] [stdout]    |                    ^^^^^^^^^^^^^ not found in this scope
[INFO] [stdout] 
[INFO] [stdout] 
[INFO] [stdout] error[E0425]: cannot find function `mock_env` in this scope
[INFO] [stdout]   --> tests/integration.rs:35:15
[INFO] [stdout]    |
[INFO] [stdout] 35 |     let env = mock_env(&deps.api, "creator", &coins(1000, "earth"));
[INFO] [stdout]    |               ^^^^^^^^ not found in this scope
[INFO] [stdout]    |
[INFO] [stdout] help: consider importing this function
[INFO] [stdout]    |
[INFO] [stdout] 20 | use cosmwasm_std::testing::mock_env;
[INFO] [stdout]    |
[INFO] [stdout] 
[INFO] [stdout] 
[INFO] [stdout] error[E0425]: cannot find function `init` in this scope
[INFO] [stdout]   --> tests/integration.rs:38:29
[INFO] [stdout]    |
[INFO] [stdout] 38 |     let res: InitResponse = init(&mut deps, env, msg).unwrap();
[INFO] [stdout]    |                             ^^^^ not found in this scope
[INFO] [stdout]    |
[INFO] [stdout] help: consider importing this function
[INFO] [stdout]    |
[INFO] [stdout] 20 | use getandsettime::contract::init;
[INFO] [stdout]    |
[INFO] [stdout] 
[INFO] [stdout] 
[INFO] [stdout] error[E0425]: cannot find function `query` in this scope
[INFO] [stdout]   --> tests/integration.rs:42:15
[INFO] [stdout]    |
[INFO] [stdout] 42 |     let res = query(&mut deps, QueryMsg::GetCount {}).unwrap();
[INFO] [stdout]    |               ^^^^^ not found in this scope
[INFO] [stdout]    |
[INFO] [stdout] help: consider importing this function
[INFO] [stdout]    |
[INFO] [stdout] 20 | use getandsettime::contract::query;
[INFO] [stdout]    |
[INFO] [stdout] 
[INFO] [stdout] 
[INFO] [stdout] error[E0425]: cannot find function `mock_instance` in this scope
[INFO] [stdout]   --> tests/integration.rs:49:20
[INFO] [stdout]    |
[INFO] [stdout] 49 |     let mut deps = mock_instance(WASM, &coins(2, "token"));
[INFO] [stdout]    |                    ^^^^^^^^^^^^^ not found in this scope
[INFO] [stdout] 
[INFO] [stdout] 
[INFO] [stdout] error[E0425]: cannot find function `mock_env` in this scope
[INFO] [stdout]   --> tests/integration.rs:52:15
[INFO] [stdout]    |
[INFO] [stdout] 52 |     let env = mock_env(&deps.api, "creator", &coins(2, "token"));
[INFO] [stdout]    |               ^^^^^^^^ not found in this scope
[INFO] [stdout]    |
[INFO] [stdout] help: consider importing this function
[INFO] [stdout]    |
[INFO] [stdout] 20 | use cosmwasm_std::testing::mock_env;
[INFO] [stdout]    |
[INFO] [stdout] 
[INFO] [stdout] 
[INFO] [stdout] error[E0425]: cannot find function `init` in this scope
[INFO] [stdout]   --> tests/integration.rs:53:30
[INFO] [stdout]    |
[INFO] [stdout] 53 |     let _res: InitResponse = init(&mut deps, env, msg).unwrap();
[INFO] [stdout]    |                              ^^^^ not found in this scope
[INFO] [stdout]    |
[INFO] [stdout] help: consider importing this function
[INFO] [stdout]    |
[INFO] [stdout] 20 | use getandsettime::contract::init;
[INFO] [stdout]    |
[INFO] [stdout] 
[INFO] [stdout] 
[INFO] [stdout] error[E0425]: cannot find function `mock_env` in this scope
[INFO] [stdout]   --> tests/integration.rs:56:15
[INFO] [stdout]    |
[INFO] [stdout] 56 |     let env = mock_env(&deps.api, "anyone", &coins(2, "token"));
[INFO] [stdout]    |               ^^^^^^^^ not found in this scope
[INFO] [stdout]    |
[INFO] [stdout] help: consider importing this function
[INFO] [stdout]    |
[INFO] [stdout] 20 | use cosmwasm_std::testing::mock_env;
[INFO] [stdout]    |
[INFO] [stdout] 
[INFO] [stdout] 
[INFO] [stdout] error[E0425]: cannot find function `handle` in this scope
[INFO] [stdout]   --> tests/integration.rs:58:32
[INFO] [stdout]    |
[INFO] [stdout] 58 |     let _res: HandleResponse = handle(&mut deps, env, msg).unwrap();
[INFO] [stdout]    |                                ^^^^^^ not found in this scope
[INFO] [stdout]    |
[INFO] [stdout] help: consider importing this function
[INFO] [stdout]    |
[INFO] [stdout] 20 | use getandsettime::contract::handle;
[INFO] [stdout]    |
[INFO] [stdout] 
[INFO] [stdout] 
[INFO] [stdout] error[E0425]: cannot find function `query` in this scope
[INFO] [stdout]   --> tests/integration.rs:61:15
[INFO] [stdout]    |
[INFO] [stdout] 61 |     let res = query(&mut deps, QueryMsg::GetCount {}).unwrap();
[INFO] [stdout]    |               ^^^^^ not found in this scope
[INFO] [stdout]    |
[INFO] [stdout] help: consider importing this function
[INFO] [stdout]    |
[INFO] [stdout] 20 | use getandsettime::contract::query;
[INFO] [stdout]    |
[INFO] [stdout] 
[INFO] [stdout] 
[INFO] [stdout] error[E0425]: cannot find function `mock_instance` in this scope
[INFO] [stdout]   --> tests/integration.rs:68:20
[INFO] [stdout]    |
[INFO] [stdout] 68 |     let mut deps = mock_instance(WASM, &coins(2, "token"));
[INFO] [stdout]    |                    ^^^^^^^^^^^^^ not found in this scope
[INFO] [stdout] 
[INFO] [stdout] 
[INFO] [stdout] error[E0425]: cannot find function `mock_env` in this scope
[INFO] [stdout]   --> tests/integration.rs:71:15
[INFO] [stdout]    |
[INFO] [stdout] 71 |     let env = mock_env(&deps.api, "creator", &coins(2, "token"));
[INFO] [stdout]    |               ^^^^^^^^ not found in this scope
[INFO] [stdout]    |
[INFO] [stdout] help: consider importing this function
[INFO] [stdout]    |
[INFO] [stdout] 20 | use cosmwasm_std::testing::mock_env;
[INFO] [stdout]    |
[INFO] [stdout] 
[INFO] [stdout] 
[INFO] [stdout] error[E0425]: cannot find function `init` in this scope
[INFO] [stdout]   --> tests/integration.rs:72:30
[INFO] [stdout]    |
[INFO] [stdout] 72 |     let _res: InitResponse = init(&mut deps, env, msg).unwrap();
[INFO] [stdout]    |                              ^^^^ not found in this scope
[INFO] [stdout]    |
[INFO] [stdout] help: consider importing this function
[INFO] [stdout]    |
[INFO] [stdout] 20 | use getandsettime::contract::init;
[INFO] [stdout]    |
[INFO] [stdout] 
[INFO] [stdout] 
[INFO] [stdout] error[E0425]: cannot find function `mock_env` in this scope
[INFO] [stdout]   --> tests/integration.rs:75:22
[INFO] [stdout]    |
[INFO] [stdout] 75 |     let unauth_env = mock_env(&deps.api, "anyone", &coins(2, "token"));
[INFO] [stdout]    |                      ^^^^^^^^ not found in this scope
[INFO] [stdout]    |
[INFO] [stdout] help: consider importing this function
[INFO] [stdout]    |
[INFO] [stdout] 20 | use cosmwasm_std::testing::mock_env;
[INFO] [stdout]    |
[INFO] [stdout] 
[INFO] [stdout] 
[INFO] [stdout] error[E0425]: cannot find function `handle` in this scope
[INFO] [stdout]   --> tests/integration.rs:77:29
[INFO] [stdout]    |
[INFO] [stdout] 77 |     let res: HandleResult = handle(&mut deps, unauth_env, msg);
[INFO] [stdout]    |                             ^^^^^^ not found in this scope
[INFO] [stdout]    |
[INFO] [stdout] help: consider importing this function
[INFO] [stdout]    |
[INFO] [stdout] 20 | use getandsettime::contract::handle;
[INFO] [stdout]    |
[INFO] [stdout] 
[INFO] [stdout] 
[INFO] [stdout] error[E0425]: cannot find function `mock_env` in this scope
[INFO] [stdout]   --> tests/integration.rs:84:20
[INFO] [stdout]    |
[INFO] [stdout] 84 |     let auth_env = mock_env(&deps.api, "creator", &coins(2, "token"));
[INFO] [stdout]    |                    ^^^^^^^^ not found in this scope
[INFO] [stdout]    |
[INFO] [stdout] help: consider importing this function
[INFO] [stdout]    |
[INFO] [stdout] 20 | use cosmwasm_std::testing::mock_env;
[INFO] [stdout]    |
[INFO] [stdout] 
[INFO] [stdout] 
[INFO] [stdout] error[E0425]: cannot find function `handle` in this scope
[INFO] [stdout]   --> tests/integration.rs:86:32
[INFO] [stdout]    |
[INFO] [stdout] 86 |     let _res: HandleResponse = handle(&mut deps, auth_env, msg).unwrap();
[INFO] [stdout]    |                                ^^^^^^ not found in this scope
[INFO] [stdout]    |
[INFO] [stdout] help: consider importing this function
[INFO] [stdout]    |
[INFO] [stdout] 20 | use getandsettime::contract::handle;
[INFO] [stdout]    |
[INFO] [stdout] 
[INFO] [stdout] 
[INFO] [stdout] error[E0425]: cannot find function `query` in this scope
[INFO] [stdout]   --> tests/integration.rs:89:15
[INFO] [stdout]    |
[INFO] [stdout] 89 |     let res = query(&mut deps, QueryMsg::GetCount {}).unwrap();
[INFO] [stdout]    |               ^^^^^ not found in this scope
[INFO] [stdout]    |
[INFO] [stdout] help: consider importing this function
[INFO] [stdout]    |
[INFO] [stdout] 20 | use getandsettime::contract::query;
[INFO] [stdout]    |
[INFO] [stdout] 
[INFO] [stdout] 
[INFO] [stdout] error[E0560]: struct `InitMsg` has no field named `count`
[INFO] [stdout]   --> tests/integration.rs:34:25
[INFO] [stdout]    |
[INFO] [stdout] 34 |     let msg = InitMsg { count: 17 };
[INFO] [stdout]    |                         ^^^^^ `InitMsg` does not have this field
[INFO] [stdout]    |
[INFO] [stdout]    = note: available fields are: `time`
[INFO] [stdout] 
[INFO] [stdout] 
[INFO] [stdout] error[E0599]: no variant named `GetCount` found for enum `QueryMsg`
[INFO] [stdout]   --> tests/integration.rs:42:42
[INFO] [stdout]    |
[INFO] [stdout] 42 |     let res = query(&mut deps, QueryMsg::GetCount {}).unwrap();
[INFO] [stdout]    |                                          ^^^^^^^^ variant not found in `QueryMsg`
[INFO] [stdout] 
[INFO] [stdout] 
[INFO] [stdout] error[E0560]: struct `InitMsg` has no field named `count`
[INFO] [stdout]   --> tests/integration.rs:51:25
[INFO] [stdout]    |
[INFO] [stdout] 51 |     let msg = InitMsg { count: 17 };
[INFO] [stdout]    |                         ^^^^^ `InitMsg` does not have this field
[INFO] [stdout]    |
[INFO] [stdout]    = note: available fields are: `time`
[INFO] [stdout] 
[INFO] [stdout] 
[INFO] [stdout] error[E0599]: no variant named `Increment` found for enum `HandleMsg`
[INFO] [stdout]   --> tests/integration.rs:57:26
[INFO] [stdout]    |
[INFO] [stdout] 57 |     let msg = HandleMsg::Increment {};
[INFO] [stdout]    |                          ^^^^^^^^^ variant not found in `HandleMsg`
[INFO] [stdout] 
[INFO] [stdout] 
[INFO] [stdout] error[E0599]: no variant named `GetCount` found for enum `QueryMsg`
[INFO] [stdout]   --> tests/integration.rs:61:42
[INFO] [stdout]    |
[INFO] [stdout] 61 |     let res = query(&mut deps, QueryMsg::GetCount {}).unwrap();
[INFO] [stdout]    |                                          ^^^^^^^^ variant not found in `QueryMsg`
[INFO] [stdout] 
[INFO] [stdout] 
[INFO] [stdout] error[E0560]: struct `InitMsg` has no field named `count`
[INFO] [stdout]   --> tests/integration.rs:70:25
[INFO] [stdout]    |
[INFO] [stdout] 70 |     let msg = InitMsg { count: 17 };
[INFO] [stdout]    |                         ^^^^^ `InitMsg` does not have this field
[INFO] [stdout]    |
[INFO] [stdout]    = note: available fields are: `time`
[INFO] [stdout] 
[INFO] [stdout] 
[INFO] [stdout] error[E0599]: no variant named `Reset` found for enum `HandleMsg`
[INFO] [stdout]   --> tests/integration.rs:76:26
[INFO] [stdout]    |
[INFO] [stdout] 76 |     let msg = HandleMsg::Reset { count: 5 };
[INFO] [stdout]    |                          ^^^^^ variant not found in `HandleMsg`
[INFO] [stdout] 
[INFO] [stdout] 
[INFO] [stdout] error[E0599]: no variant named `Reset` found for enum `HandleMsg`
[INFO] [stdout]   --> tests/integration.rs:85:26
[INFO] [stdout]    |
[INFO] [stdout] 85 |     let msg = HandleMsg::Reset { count: 5 };
[INFO] [stdout]    |                          ^^^^^ variant not found in `HandleMsg`
[INFO] [stdout] 
[INFO] [stdout] 
[INFO] [stdout] error[E0599]: no variant named `GetCount` found for enum `QueryMsg`
[INFO] [stdout]   --> tests/integration.rs:89:42
[INFO] [stdout]    |
[INFO] [stdout] 89 |     let res = query(&mut deps, QueryMsg::GetCount {}).unwrap();
[INFO] [stdout]    |                                          ^^^^^^^^ variant not found in `QueryMsg`
[INFO] [stdout] 
[INFO] [stdout] 
[INFO] [stdout] error: aborting due to 30 previous errors
[INFO] [stdout] 
[INFO] [stdout] 
[INFO] [stdout] Some errors have detailed explanations: E0425, E0432, E0433, E0560, E0599.
[INFO] [stdout] 
[INFO] [stdout] For more information about an error, try `rustc --explain E0425`.
[INFO] [stdout] 
[INFO] [stderr] error: could not compile `getandsettime`
[INFO] [stderr] 
[INFO] [stderr] To learn more, run the command again with --verbose.
[INFO] [stderr] warning: build failed, waiting for other jobs to finish...
[INFO] [stdout] warning: 1 warning emitted
[INFO] [stdout] 
[INFO] [stdout] 
[INFO] [stderr] error: build failed
[INFO] running `Command { std: "docker" "inspect" "b9ded758d04f792ceb8446dbb4ce68d1ff509d613002a1f7106794f07bb7c427", kill_on_drop: false }`
[INFO] running `Command { std: "docker" "rm" "-f" "b9ded758d04f792ceb8446dbb4ce68d1ff509d613002a1f7106794f07bb7c427", kill_on_drop: false }`
[INFO] [stdout] b9ded758d04f792ceb8446dbb4ce68d1ff509d613002a1f7106794f07bb7c427
